
6
What is the units digit of 5450?
0
What is the tens digit of 11387?
8
What is the hundreds digit of 8558?
5
What is the tens digit of 561?
6
What is the hundred thousands digit of 109701?
1
What is the units digit of 1147?
7
What is the hundreds digit of 628?
6
What is the tens digit of 697?
9
What is the units digit of 58898?
8
What is the units digit of 42474?
4
What is the units digit of 958?
8
What is the ten thousands digit of 143132?
4
What is the hundreds digit of 161?
1
What is the hundreds digit of 145425?
4
What is the units digit of 10851?
1
What is the units digit of 10022?
2
What is the ten thousands digit of 71780?
7
What is the units digit of 623?
3
What is the tens digit of 11509?
0
What is the thousands digit of 2637?
2
What is the hundreds digit of 342?
3
What is the hundreds digit of 6331?
3
What is the hundreds digit of 9152?
1
What is the units digit of 14279?
9
What is the tens digit of 23298?
9
What is the tens digit of 474?
7
What is the tens digit of 1417?
1
What is the tens digit of 504?
0
What is the ten thousands digit of 67880?
6
What is the ten thousands digit of 51861?
5
What is the ten thousands digit of 182907?
8
What is the tens digit of 23534?
3
What is the tens digit of 1146?
4
What is the hundreds digit of 357?
3
What is the hundreds digit of 71392?
3
What is the hundreds digit of 522?
5
What is the units digit of 100123?
3
What is the hundreds digit of 2163?
1
What is the tens digit of 2260?
6
What is the units digit of 1518?
8
What is the thousands digit of 3485?
3
What is the tens digit of 6218?
1
What is the thousands digit of 11911?
1
What is the ten thousands digit of 36338?
3
What is the hundreds digit of 42557?
5
What is the ten thousands digit of 56414?
5
What is the ten thousands digit of 110435?
1
What is the units digit of 703?
3
What is the ten thousands digit of 13651?
1
What is the units digit of 412?
2
What is the hundreds digit of 749?
7
What is the thousands digit of 3168?
3
What is the units digit of 94?
4
What is the thousands digit of 5615?
5
What is the tens digit of 2755?
5
What is the hundreds digit of 1306?
3
What is the units digit of 28671?
1
What is the thousands digit of 17204?
7
What is the hundreds digit of 259?
2
What is the tens digit of 8595?
9
What is the tens digit of 4797?
9
What is the hundreds digit of 1452?
4
What is the tens digit of 59483?
8
What is the tens digit of 79?
7
What is the units digit of 228?
8
What is the thousands digit of 21449?
1
What is the tens digit of 802?
0
What is the ten thousands digit of 10570?
1
What is the tens digit of 11?
1
What is the hundreds digit of 2616?
6
What is the units digit of 47891?
1
What is the ten thousands digit of 37058?
3
What is the thousands digit of 8825?
8
What is the thousands digit of 23713?
3
What is the hundreds digit of 62553?
5
What is the units digit of 101914?
4
What is the hundreds digit of 1065?
0
What is the thousands digit of 16375?
6
What is the hundreds digit of 638?
6
What is the thousands digit of 43556?
3
What is the hundreds digit of 17854?
8
What is the hundreds digit of 142323?
3
What is the hundred thousands digit of 190432?
1
What is the tens digit of 24282?
8
What is the thousands digit of 3341?
3
What is the thousands digit of 1684?
1
What is the hundreds digit of 361?
3
What is the tens digit of 2491?
9
What is the thousands digit of 1600?
1
What is the thousands digit of 6444?
6
What is the hundreds digit of 1320?
3
What is the tens digit of 4452?
5
What is the hundreds digit of 105537?
5
What is the thousands digit of 2656?
2
What is the hundreds digit of 174?
1
What is the hundreds digit of 212041?
0
What is the tens digit of 2443?
4
What is the units digit of 549?
9
What is the ten thousands digit of 14953?
1
What is the hundreds digit of 17901?
9
What is the thousands digit of 10977?
0
What is the units digit of 2646?
6
What is the thousands digit of 2474?
2
What is the thousands digit of 1082?
1
What is the hundreds digit of 143714?
7
What is the units digit of 1006?
6
What is the tens digit of 19897?
9
What is the units digit of 6522?
2
What is the ten thousands digit of 35127?
3
What is the tens digit of 34696?
9
What is the thousands digit of 15528?
5
What is the hundreds digit of 4546?
5
What is the tens digit of 1987?
8
What is the units digit of 21557?
7
What is the tens digit of 75?
7
What is the units digit of 8695?
5
What is the tens digit of 10908?
0
What is the tens digit of 2068?
6
What is the hundreds digit of 1469?
4
What is the thousands digit of 35297?
5
What is the thousands digit of 5185?
5
What is the units digit of 16407?
7
What is the hundred thousands digit of 104296?
1
What is the tens digit of 709?
0
What is the tens digit of 25766?
6
What is the hundreds digit of 412?
4
What is the hundreds digit of 6193?
1
What is the thousands digit of 3967?
3
What is the tens digit of 10658?
5
What is the ten thousands digit of 26507?
2
What is the thousands digit of 24066?
4
What is the tens digit of 16169?
6
What is the thousands digit of 62677?
2
What is the hundreds digit of 436?
4
What is the ten thousands digit of 54886?
5
What is the ten thousands digit of 42164?
4
What is the tens digit of 4694?
9
What is the ten thousands digit of 13133?
1
What is the hundreds digit of 4816?
8
What is the units digit of 1857?
7
What is the tens digit of 76546?
4
What is the hundreds digit of 5843?
8
What is the thousands digit of 41600?
1
What is the ten thousands digit of 27294?
2
What is the thousands digit of 1346?
1
What is the thousands digit of 14304?
4
What is the tens digit of 3611?
1
What is the thousands digit of 14453?
4
What is the tens digit of 465?
6
What is the hundreds digit of 302?
3
What is the tens digit of 1720?
2
What is the hundreds digit of 1111?
1
What is the hundreds digit of 19796?
7
What is the thousands digit of 6726?
6
What is the units digit of 415?
5
What is the tens digit of 1120?
2
What is the units digit of 26359?
9
What is the tens digit of 6653?
5
What is the units digit of 2313?
3
What is the ten thousands digit of 19733?
1
What is the units digit of 123?
3
What is the tens digit of 414?
1
What is the hundreds digit of 2358?
3
What is the hundreds digit of 3677?
6
What is the units digit of 2528?
8
What is the thousands digit of 1020?
1
What is the thousands digit of 14297?
4
What is the tens digit of 7618?
1
What is the tens digit of 1874?
7
What is the ten thousands digit of 83732?
8
What is the units digit of 13950?
0
What is the units digit of 370?
0
What is the tens digit of 1276?
7
What is the tens digit of 68886?
8
What is the ten thousands digit of 73578?
7
What is the thousands digit of 39450?
9
What is the tens digit of 927?
2
What is the thousands digit of 6740?
6
What is the hundreds digit of 30964?
9
What is the ten thousands digit of 11127?
1
What is the hundreds digit of 1683?
6
What is the units digit of 6447?
7
What is the hundreds digit of 455?
4
What is the tens digit of 604?
0
What is the units digit of 136457?
7
What is the units digit of 5222?
2
What is the tens digit of 30395?
9
What is the thousands digit of 15224?
5
What is the hundreds digit of 5785?
7
What is the tens digit of 6191?
9
What is the hundreds digit of 141918?
9
What is the tens digit of 1010?
1
What is the thousands digit of 6785?
6
What is the units digit of 261?
1
What is the units digit of 199?
9
What is the thousands digit of 1245?
1
What is the units digit of 34454?
4
What is the units digit of 21294?
4
What is the thousands digit of 1351?
1
What is the units digit of 22656?
6
What is the thousands digit of 56418?
6
What is the hundreds digit of 48643?
6
What is the units digit of 16194?
4
What is the hundreds digit of 18339?
3
What is the hundreds digit of 448?
4
What is the units digit of 754?
4
What is the tens digit of 823?
2
What is the units digit of 9392?
2
What is the tens digit of 742?
4
What is the hundreds digit of 1081?
0
What is the thousands digit of 1548?
1
What is the thousands digit of 46208?
6
What is the tens digit of 12027?
2
What is the hundreds digit of 660?
6
What is the hundreds digit of 1469?
4
What is the tens digit of 177?
7
What is the units digit of 5687?
7
What is the units digit of 428?
8
What is the ten thousands